{"id":30,"date":"2024-02-11T16:04:05","date_gmt":"2024-02-11T15:04:05","guid":{"rendered":"http:\/\/dkjg.net\/?page_id=30"},"modified":"2024-02-11T16:04:05","modified_gmt":"2024-02-11T15:04:05","slug":"tagung-2023","status":"publish","type":"page","link":"https:\/\/dkjg.net\/en\/tagung-2023\/","title":{"rendered":"Tagung 2023"},"content":{"rendered":"\n<p>DKJG Jahrestagung und Mitgliederversammlung 2023<\/p>\n\n\n\n<p>Am Samstag, dem 28.10.2023 fand in der Kanzlei ARQIS in D\u00fcsseldorf die diesj\u00e4hrige Jahrestagung und Mitgliederversammlung der Deutsch-Koreanischen Juristischen Gesellschaft e. V. mit ca. 35 Teilnehmern statt. Neben vielen bekannten Gesichtern konnte man erfreulicherweise auch neue Teilnehmer begr\u00fc\u00dfen. Vor allem hat der Zulauf von Studenten und Referendaren die Tagung verj\u00fcngt und bereichert.<\/p>\n\n\n\n<p>Nach einer kurzen Begr\u00fc\u00dfung des Gastgebers RA Eberhard Hafermalz von der Kanzei ARQIS lie\u00dfen die kurzweiligen Vortr\u00e4ge zu verschiedenen Rechtsthemen von<\/p>\n\n\n\n<p>RAin Sina Janke zum \u201eHinweisgeberschutzgesetz und Lieferkettengesetz \u2013 neue wichtige Compliance Anforderungen f\u00fcr Unternehmen in Deutschland\u201c<br>RA Moritz Winkler zum \u201eJoint Venture Structuring in Korea\u201c<br>RA Andreas Kabisch zum Thema \u201eInnovation und Technologien \u2013 Sichern, Sch\u00fctzen, Durchsetzen?\u201c<br>RA Thomas Elster zum \u201eESG und Nachhaltigkeit im deutschen Anlagerecht \u2013 ein \u00dcberblick\u201c und<br>RA Marius Luciano \u00fcber \u201eJuramemes \u2013 Humor macht vieles leichter, auch die Lehre\u201c<\/p>\n\n\n\n<p>die Zuh\u00f6rer gleicherma\u00dfen ihren juristischen Horizont erweitern wie auch schmunzeln. Wer behauptet, Juristen seien humorlos, wurde hier eines Besseren belehrt.<\/p>\n\n\n\n<p>Im Anschluss an die Jahrestagung schloss sich die Mitgliederversammlung der DKJG u. a. mit der Wahl des Vorstandes an. RA Alexander Son (Pr\u00e4sident), RA Dr. Sung-Kwan Park (Vize-Pr\u00e4sident) sowie RA Baek-Lim Whang (Schatzmeister) standen f\u00fcr eine weitere Amtszeit nicht zur Verf\u00fcgung, so dass sich ein neuer Vorstand formieren musste. Nach Abstimmung der Mitglieder wurde in einer offenen Wahl ein neuer Vorstand gew\u00e4hlt:<\/p>\n\n\n\n<p>Pr\u00e4sident: RA Moritz Winkler<br>Vize-Pr\u00e4sidenten: RAin Eun-Young Cho, Prof. Dr. Horst Hammen, RA Christoph Kohn<br>Generalsekret\u00e4r: RA Stephan Dittrich<br>Schatzmeisterin: RAin Julia Ju-Yon Yoon<br>Kassenpr\u00fcfer: ass. iur. Nikolaus Blasel, Ho-Jang Lee (Director Legal, Risk Management &amp; Compliance)<\/p>\n\n\n\n<p>Nach Anregung der Gesellschafts-Koryph\u00e4e RA Wolfgang Heinrich und dem Vorschlag des neuen Pr\u00e4sidenten Moritz Winkler folgend, wurde der scheidende Pr\u00e4sident Alexander Son zum Ehrenpr\u00e4sidenten gew\u00e4hlt. An dieser Stelle ein Dank an den alten Vorstand f\u00fcr ihr Engagement und Ihren Einsatz f\u00fcr die Gesellschaft!<\/p>\n\n\n\n<p>Es wurden weitere Punkte wie der n\u00e4chste Tagungsort und die m\u00f6gliche Tagungsthemen besprochen und nach einer spontanen Vorstellungsrunde der Teilnehmer, war das offizielle Programm der Tagung beendet.<\/p>\n\n\n\n<p>Bei dem anschlie\u00dfenden Sektempfang stimmten sich die Teilnehmer auf den geselligen Teil des Tages ein. Dieser folgte in Form eines lockeren und gem\u00fctlichen Abendessens im Restaurant \u2018Korea Haus\u2019, wo ein reger Austausch zwischen den Teilnehmern stattfand. Hier gilt: What happens in D\u00fcsseldorf, stays in D\u00fcsseldorf!!!<br>Am Sonntagvormittag nahmen noch einige Teilnehmer an der sehr interessanten D\u00fcsseldorfer Medienhafenf\u00fchrung teil, die von einer kompetenten F\u00fchrerin geleitet wurde. Belohnt wurde das Interesse der Teilnehmer mit strahlendem Sonnenschein. An alle anderen: Ihr habt etwas verpasst!<\/p>\n\n\n\n<p>Vielen Dank an die Kanzlei ARQIS f\u00fcr das Bereitstellen ihrer attraktiven Kanzleir\u00e4ume und an ihre Mitarbeiter, die uns an ihrem eigentlich freien Tag empfangen haben, an die Vortragenden f\u00fcr die interessanten Vortr\u00e4ge, an die Organisatoren der diesj\u00e4hrigen gelungenen Tagung, insbesondere ein ganz gro\u00dfes Dankesch\u00f6n an Christoph Kohn, der mit der wahrscheinlich meisten Arbeit, weil er das \u201ePech\u201c hatte vor Ort zu sein, und an alle Teilnehmer, die den Weg nach D\u00fcsseldorf gefunden haben!<\/p>\n\n\n\n<p>See you next year!<\/p>\n\n\n\n<p>Side Note: Man m\u00f6ge mir das teils fehlende Gendern verzeihen!<\/p>\n\n\n\n<p>Berlin, 7.11.2023<br>Eun-Young Cho<br>Rechtsanw\u00e4ltin<br>Vize-Pr\u00e4sidentin der DKJG<\/p>\n","protected":false},"excerpt":{"rendered":"<p>DKJG Jahrestagung und Mitgliederversammlung 2023 Am Samstag, dem 28.10.2023 fand in der Kanzlei ARQIS in D\u00fcsseldorf die diesj\u00e4hrige Jahrestagung und Mitgliederversammlung der [&hellip;]<\/p>\n","protected":false},"author":2,"featured_media":0,"parent":0,"menu_order":0,"comment_status":"closed","ping_status":"closed","template":"","meta":{"ngg_post_thumbnail":0,"footnotes":""},"class_list":["post-30","page","type-page","status-publish","hentry"],"translation":{"provider":"WPGlobus","version":"3.0.0","language":"en","enabled_languages":["de","en","ko"],"languages":{"de":{"title":true,"content":true,"excerpt":false},"en":{"title":false,"content":false,"excerpt":false},"ko":{"title":false,"content":false,"excerpt":false}}},"_links":{"self":[{"href":"https:\/\/dkjg.net\/en\/wp-json\/wp\/v2\/pages\/30","targetHints":{"allow":["GET"]}}],"collection":[{"href":"https:\/\/dkjg.net\/en\/wp-json\/wp\/v2\/pages"}],"about":[{"href":"https:\/\/dkjg.net\/en\/wp-json\/wp\/v2\/types\/page"}],"author":[{"embeddable":true,"href":"https:\/\/dkjg.net\/en\/wp-json\/wp\/v2\/users\/2"}],"replies":[{"embeddable":true,"href":"https:\/\/dkjg.net\/en\/wp-json\/wp\/v2\/comments?post=30"}],"version-history":[{"count":1,"href":"https:\/\/dkjg.net\/en\/wp-json\/wp\/v2\/pages\/30\/revisions"}],"predecessor-version":[{"id":31,"href":"https:\/\/dkjg.net\/en\/wp-json\/wp\/v2\/pages\/30\/revisions\/31"}],"wp:attachment":[{"href":"https:\/\/dkjg.net\/en\/wp-json\/wp\/v2\/media?parent=30"}],"curies":[{"name":"wp","href":"https:\/\/api.w.org\/{rel}","templated":true}]}}

<p>DKJG Jahrestagung und Mitgliederversammlung 2023</p>



<p>Am Samstag, dem 28.10.2023 fand in der Kanzlei ARQIS in Düsseldorf die diesjährige Jahrestagung und Mitgliederversammlung der Deutsch-Koreanischen Juristischen Gesellschaft e. V. mit ca. 35 Teilnehmern statt. Neben vielen bekannten Gesichtern konnte man erfreulicherweise auch neue Teilnehmer begrüßen. Vor allem hat der Zulauf von Studenten und Referendaren die Tagung verjüngt und bereichert.</p>



<p>Nach einer kurzen Begrüßung des Gastgebers RA Eberhard Hafermalz von der Kanzei ARQIS ließen die kurzweiligen Vorträge zu verschiedenen Rechtsthemen von</p>



<p>RAin Sina Janke zum „Hinweisgeberschutzgesetz und Lieferkettengesetz – neue wichtige Compliance Anforderungen für Unternehmen in Deutschland“<br>RA Moritz Winkler zum „Joint Venture Structuring in Korea“<br>RA Andreas Kabisch zum Thema „Innovation und Technologien – Sichern, Schützen, Durchsetzen?“<br>RA Thomas Elster zum „ESG und Nachhaltigkeit im deutschen Anlagerecht – ein Überblick“ und<br>RA Marius Luciano über „Juramemes – Humor macht vieles leichter, auch die Lehre“</p>



<p>die Zuhörer gleichermaßen ihren juristischen Horizont erweitern wie auch schmunzeln. Wer behauptet, Juristen seien humorlos, wurde hier eines Besseren belehrt.</p>



<p>Im Anschluss an die Jahrestagung schloss sich die Mitgliederversammlung der DKJG u. a. mit der Wahl des Vorstandes an. RA Alexander Son (Präsident), RA Dr. Sung-Kwan Park (Vize-Präsident) sowie RA Baek-Lim Whang (Schatzmeister) standen für eine weitere Amtszeit nicht zur Verfügung, so dass sich ein neuer Vorstand formieren musste. Nach Abstimmung der Mitglieder wurde in einer offenen Wahl ein neuer Vorstand gewählt:</p>



<p>Präsident: RA Moritz Winkler<br>Vize-Präsidenten: RAin Eun-Young Cho, Prof. Dr. Horst Hammen, RA Christoph Kohn<br>Generalsekretär: RA Stephan Dittrich<br>Schatzmeisterin: RAin Julia Ju-Yon Yoon<br>Kassenprüfer: ass. iur. Nikolaus Blasel, Ho-Jang Lee (Director Legal, Risk Management &amp; Compliance)</p>



<p>Nach Anregung der Gesellschafts-Koryphäe RA Wolfgang Heinrich und dem Vorschlag des neuen Präsidenten Moritz Winkler folgend, wurde der scheidende Präsident Alexander Son zum Ehrenpräsidenten gewählt. An dieser Stelle ein Dank an den alten Vorstand für ihr Engagement und Ihren Einsatz für die Gesellschaft!</p>



<p>Es wurden weitere Punkte wie der nächste Tagungsort und die mögliche Tagungsthemen besprochen und nach einer spontanen Vorstellungsrunde der Teilnehmer, war das offizielle Programm der Tagung beendet.</p>



<p>Bei dem anschließenden Sektempfang stimmten sich die Teilnehmer auf den geselligen Teil des Tages ein. Dieser folgte in Form eines lockeren und gemütlichen Abendessens im Restaurant ‘Korea Haus’, wo ein reger Austausch zwischen den Teilnehmern stattfand. Hier gilt: What happens in Düsseldorf, stays in Düsseldorf!!!<br>Am Sonntagvormittag nahmen noch einige Teilnehmer an der sehr interessanten Düsseldorfer Medienhafenführung teil, die von einer kompetenten Führerin geleitet wurde. Belohnt wurde das Interesse der Teilnehmer mit strahlendem Sonnenschein. An alle anderen: Ihr habt etwas verpasst!</p>



<p>Vielen Dank an die Kanzlei ARQIS für das Bereitstellen ihrer attraktiven Kanzleiräume und an ihre Mitarbeiter, die uns an ihrem eigentlich freien Tag empfangen haben, an die Vortragenden für die interessanten Vorträge, an die Organisatoren der diesjährigen gelungenen Tagung, insbesondere ein ganz großes Dankeschön an Christoph Kohn, der mit der wahrscheinlich meisten Arbeit, weil er das „Pech“ hatte vor Ort zu sein, und an alle Teilnehmer, die den Weg nach Düsseldorf gefunden haben!</p>



<p>See you next year!</p>



<p>Side Note: Man möge mir das teils fehlende Gendern verzeihen!</p>



<p>Berlin, 7.11.2023<br>Eun-Young Cho<br>Rechtsanwältin<br>Vize-Präsidentin der DKJG</p>

<p>DKJG Jahrestagung und Mitgliederversammlung 2023 Am Samstag, dem 28.10.2023 fand in der Kanzlei ARQIS in Düsseldorf die diesjährige Jahrestagung und Mitgliederversammlung der [&hellip;]</p>
